t c = -7 + n. Suppose -t - 37 = -3*p, 0*p = p + 4*t - c. What are the prime factors of p?
2, 3
Suppose 3*t + 5*o + 1 = -1, 3*t + 3*o = 0. Let n(s) = 7*s**3 + 2*s**2 - s. List the prime factors of n(t).
2
Let q be 0/(2*(-1)/2). Suppose -2*r - 4*b + 36 = 0, q = 5*r - 7*b + 2*b - 45. List the prime factors of r/(-7)*(-42)/4.
2, 3
Let n = -12 + 45. Suppose -5*d - 5*h - 12 + 57 = 0, -n = -2*d - 5*h. Suppose -4*c + 4*l = -12 - d, -4*l = 5*c - 11. What are the prime factors of c?
3
Let r = -19 + 28. Suppose -4*o = -5*q + r, -4*q = 5*o - 0*o + 42. List the prime factors of 1 - 4 - -2 - o.
5
Suppose -2*s + 4*s + 8 = 0. Let a(j) = j**3 + 5*j**2. What are the prime factors of a(s)?
2
Let j = 12 + -10. What are the prime factors of j + (-1 + -1)*-2?
2, 3
Suppose -5*z + 6*z - 14 = 0. Suppose r = -0*r + z. List the prime factors of r.
2, 7
Suppose -10*x - 72 = -13*x. List the prime factors of x.
2, 3
Let v(p) = 9*p**2. Let l be v(-2). Suppose s - 3*s + l = 0. What are the prime factors of s?
2, 3
Let b(s) = 2*s - 16. What are the prime factors of b(12)?
2
Let x(g) = -g**3 - 9*g**2 + 7*g + 6. What are the prime factors of x(-10)?
2, 3
What are the prime factors of ((-2)/(-6))/((-3)/(-1287))?
11, 13
Let k(z) = 15*z**2 + 2. List the prime factors of k(-2).
2, 31
Let s(c) = 4*c**2 + 15*c + 16. Let d(j) = j**2. Let y(h) = 3*d(h) - s(h). What are the prime factors of y(-12)?
2, 5
Suppose -5*h = -4*a - 52 - 54, -2*h - 5*a + 16 = 0. Suppose 5*o = z + 82, -2*o + h = -5*z - 1. List the prime factors of o.
17
Let a be (3 - 4)/(1/(-4)). Suppose -a*g + 27 = -13. Let n = 18 - g. List the prime factors of n.
2
Let y(n) = -2*n**2 + 4*n + 1. Let d be y(-4). Let x = 9 - d. What are the prime factors of x?
2, 7
Let k(r) = 15*r**2 + 3*r + 3. What are the prime factors of k(-2)?
3, 19
Suppose 5*w - 1 - 14 = 0. Let z(m) = 3*m**2 - 2*m - 2. List the prime factors of z(w).
19
Let q(y) = -y + 5. Let l = -1 + -2. Let o = l + -2. List the prime factors of q(o).
2, 5
Suppose 4*s + 4*d + d = 1408, 4*d = -3*s + 1057. List the prime factors of s.
347
Let g(s) = -5*s**2 - 6*s + 2. Let t(m) = -m + 6. Let a be t(5). Let w(c) = -c**2 - c. Let i(k) = a*g(k) - 6*w(k). What are the prime factors of i(-3)?
11
Suppose 0 = n + 4*n - 5*k + 85, 4*n + 62 = 2*k. Let l = n - -43. What are the prime factors of l?
29
Let s = -19 + 39. List the prime factors of s.
2, 5
List the prime factors of ((2 - 1)*-314)/(-2).
157
Let t = 193 - -204. List the prime factors of t.
397
Suppose -y = -3*o + 6 - 110, -2*y + 188 = -o. List the prime factors of y.
2, 23
Suppose s - 62 = 2*s. Let t be s/(-5) - (-4)/(-10). Suppose -a = i - t, -a - 2*a = 12. List the prime factors of i.
2
What are the prime factors of (33*-11)/(-3) - (-4)/2?
3, 41
Suppose 0 = -g - 2*o + 53, g + 6*o - 53 = 10*o. What are the prime factors of g?
53
Suppose 2*q = q + 2*g - 2, 0 = 5*g - 5. List the prime factors of -2 - (-23 + -1 + q).
2, 11
List the prime factors of -2*(14/(-35))/(8/2270).
227
Let y(u) = 2*u**3 - 2*u**2 + u - 2. Let i = -4 + 6. List the prime factors of y(i).
2
Let f(o) = 11*o - 32. What are the prime factors of f(10)?
2, 3, 13
Let l(q) be the second derivative of -q**5/20 - q**4/6 + 3*q**2/2 + 2*q. Let j(b) = b**2 - 5*b + 3. Let v be j(3). List the prime factors of l(v).
2, 3
Suppose 0 = 3*d + 3*l - l - 1084, 0 = -4*d + 3*l + 1417. List the prime factors of d.
2, 179
Suppose 6*h - 182 = -8. What are the prime factors of h?
29
Let v be ((-16)/(-6))/(2/(-21)). Let q = -2 - v. Suppose 2*a = 4*n + 44, -n - q = -a + 2*n. List the prime factors of a.
2, 7
Let a be (-7 - (2 + 1))/(-2). Suppose 0 = -0*l - 5*l + 4*b + 28, -a*b + 47 = 4*l. List the prime factors of l.
2
Suppose f + 3*f = -12. Suppose 170 = -4*h - h. List the prime factors of h/(-3) - (-1)/f.
11
Let q be 5*1*(-55)/(-25). Let h be (-6)/(-27) - (-25)/9. Let v = q - h. What are the prime factors of v?
2
List the prime factors of (-56)/(-21)*81/2.
2, 3
Let p = 22 + -17. Suppose -p*y = -54 - 121. List the prime factors of y.
5, 7
Let o(h) = -h**3 + 6*h**2 - 3*h + 5. Let n = 3 - -1. Let r be o(n). Suppose 2*s = -s - 2*l + 16, -3*l + r = 5*s. What are the prime factors of s?
2
Let j be 10*1*(-2)/1. Let q = 13 - j. List the prime factors of q.
3, 11
Let s(k) = -2*k - 4. Let x be s(-4). Suppose -3*c + 3*h + 6 = -0*c, -x*c + 5*h + 11 = 0. What are the prime factors of 1 - (18 + -2)*c?
17
Suppose 4*n + 192 = 3*p - p, p = 4. Let r be (18/15)/(3/(-10)). List the prime factors of (-1)/(-2) + n/r.
2, 3
Suppose 230 = 6*h - h. What are the prime factors of h?
2, 23
Suppose 0 = -5*j - 161 + 531. Suppose 5*b - j = 96. What are the prime factors of b?
2, 17
Let y(v) = 2 + 1 - 2*v - 4. List the prime factors of y(-13).
5
Suppose -2*z + 18 = g - 4, 0 = -4*g + 3*z + 66. Suppose 3*u - 31 = -2*m - 0*m, -u + 5*m - g = 0. What are the prime factors of u?
7
Let a be ((-1)/(-1))/(5/10). Suppose -5*r - 5*u = -15, a*r - 6 = -u + 2*u. What are the prime factors of r?
3
Let m = -51 + 92. What are the prime factors of m?
41
Suppose -3*x + 35 = -13. Let a = 50 - x. List the prime factors of a.
2, 17
Let z = -665 - -931. What are the prime factors of z?
2, 7, 19
Let s = -3 - -12. Suppose m - 23 = -s. Suppose -5 = -3*l - q, -2*q + 2 = -5*l + m. List the prime factors of l.
2
List the prime factors of -4 + 3/(6/32).
2, 3
Suppose 3*f + 3*x = 6, 5*f - 4*x + x = -6. Suppose 0 = -f*b + b - 24. List the prime factors of b.
2, 3
Let p = -11 + 14. List the prime factors of p.
3
Suppose -5*s + 1125 = -30. List the prime factors of s.
3, 7, 11
What are the prime factors of 25 + (1 - (3 + -3))?
2, 13
Let i(b) be the third derivative of b**4/4 - b**2. List the prime factors of i(2).
2, 3
Let c(b) = -177*b**3 - 2*b**2 - b. List the prime factors of c(-1).
2, 11
What are the prime factors of (-9)/((-27)/(-12)) + 20?
2
Suppose 0 = -3*s - 6*v + 3*v + 87, 4*s + 3*v = 115. What are the prime factors of s?
2, 7
Let j = 7 - 9. Let t = j + 5. Suppose 4*n = 11 - t. List the prime factors of n.
2
Let o = 148 + -70. What are the prime factors of o?
2, 3, 13
List the prime factors of (-194)/(-7) + (-6)/(-21).
2, 7
Let c be (-351)/(-45) - 1/(-5). Suppose 301 = -u + c*u. What are the prime factors of u?
43
Let r(m) = m**2 + 2*m. Let x be r(-6). Let o be x + 2 + -4 + 0. Suppose -3*t + o + 2 = 3*b, -29 = -3*t - 4*b. What are the prime factors of t?
3
Let u(v) = v + 9. Suppose 41 = -4*s + q, -4*q - 70 = 5*s - 9*q. Let m be u(s). Suppose m = -r + 4*z - 4 + 2, -10 = -5*z. What are the prime factors of r?
2, 3
Let h(f) = -f**3 - 17*f**2 - 17*f - 14. Let w be h(-16). Suppose w*q - 37 = 11. What are the prime factors of q?
2, 3
Suppose 0 = -5*f + 7*f. Suppose 0 = -p + 2*g, f = 2*p - 5*g + 3*g - 6. List the prime factors of p.
2, 3
Suppose -3*r = 3, 4*y - 2*y - 5*r = 421. What are the prime factors of y?
2, 13
Let x be 1/((-2)/(0 - -2)). Let k = x + 18. What are the prime factors of k?
17
Let l(t) = -t - 9. Let d be l(8). List the prime factors of d/(-3) + 2/(-3).
5
Let c = 7 + -4. What are the prime factors of (-1 + c)*22/4?
11
Let v = -11 + 16. Let x = v - -7. What are the prime factors of x?
2, 3
Let p(z) be the first derivative of 5*z**2/2 + z - 2. Let v be p(3). Let a = 30 - v. List the prime factors of a.
2, 7
Suppose 0 = -4*z + 3*z + 30. What are the prime factors of z?
2, 3, 5
Let m(i) be the third derivative of -i**6/120 - i**5/12 - i**4/4 - i**3 + 3*i**2. What are the prime factors of m(-4)?
2
Let b = 13 + -5. What are the prime factors of (b/16)/((-2)/(-60))?
3, 5
Suppose 221 = 4*p - 6*u + u, -4*p = -3*u - 219. What are the prime factors of p?
2, 3
Let o(b) = b - 2. Let j be o(-5). Let m = 5 + j. Let h = m + 6. List the prime factors of h.
2
Suppose -4*o + 9*o + 100 = 0. What are the prime factors of (-4 + 1)*(o - -2)?
2, 3
Let j(h) be the second derivative of 13*h**3/3 - h**2/2 - h. Let z be j(-1). Let q = z + 38. What are the prime factors of q?
11
Suppose -f - 3*f + 4 = 0. Let i be (-21 - (f - 1))*-1. Suppose 5*k + i = 5*v - 9, 3*v = 4*k + 13. What are the prime factors of v?
11
Let t be ((-12)/9)/((-1)/3). Suppose -61 - 19 = -t*d. List the prime factors of d.
2, 5
Suppose 0*l + 222 = l. What are the prime factors of l?
2, 3, 37
Suppose -5*a - 90 = 15. Let h = -31 - a. List the prime factors of (h/25)/((-1)/30).
2, 3
Let a(u) 